242.
11
What is the greatest common divisor of 3765 and 15?
15
What is the greatest common divisor of 910 and 280?
70
Calculate the greatest common factor of 310 and 100.
10
Calculate the highest common divisor of 117 and 6201.
117
What is the greatest common factor of 139 and 13?
1
What is the greatest common factor of 15 and 9?
3
Calculate the highest common factor of 422 and 2.
2
Calculate the greatest common divisor of 364 and 371.
7
What is the greatest common factor of 27 and 12105?
9
What is the greatest common divisor of 299 and 117?
13
What is the greatest common factor of 16 and 1616?
16
What is the highest common factor of 2670 and 15?
15
Calculate the highest common divisor of 928 and 29.
29
What is the greatest common divisor of 1036 and 140?
28
What is the highest common factor of 2 and 123?
1
Calculate the highest common divisor of 25 and 1175.
25
Calculate the greatest common divisor of 3456 and 108.
108
What is the highest common factor of 94 and 6?
2
What is the highest common factor of 343 and 7?
7
Calculate the greatest common divisor of 196 and 56.
28
What is the highest common factor of 207 and 612?
9
Calculate the greatest common factor of 352 and 1120.
32
Calculate the greatest common divisor of 444 and 2812.
148
What is the greatest common divisor of 72000 and 180?
180
What is the highest common divisor of 1855 and 53?
53
Calculate the greatest common divisor of 16 and 3416.
8
What is the greatest common factor of 63 and 4473?
63
What is the greatest common divisor of 148 and 74?
74
Calculate the highest common divisor of 510 and 75.
15
What is the highest common factor of 1457 and 527?
31
What is the highest common factor of 30 and 1410?
30
What is the greatest common factor of 21 and 12?
3
Calculate the highest common factor of 7462 and 1638.
182
What is the greatest common divisor of 50 and 1450?
50
Calculate the greatest common factor of 490 and 588.
98
What is the highest common factor of 87 and 24331?
29
What is the highest common divisor of 15 and 21?
3
What is the greatest common factor of 2491 and 1484?
53
What is the greatest common factor of 70 and 90?
10
Calculate the greatest common divisor of 117 and 18.
9
Calculate the highest common divisor of 33 and 264.
33
What is the greatest common divisor of 1656 and 80?
8
Calculate the greatest common divisor of 1341 and 298.
149
What is the highest common factor of 1060 and 40?
20
Calculate the greatest common factor of 88 and 184.
8
What is the greatest common divisor of 1539 and 38?
19
What is the highest common factor of 2867 and 61?
61
What is the highest common divisor of 9 and 153?
9
What is the highest common divisor of 124 and 4557?
31
What is the highest common factor of 25 and 925?
25
What is the greatest common divisor of 1976 and 114?
38
What is the highest common factor of 35 and 56?
7
Calculate the highest common divisor of 29 and 5771.
29
What is the greatest common divisor of 495 and 100?
5
What is the greatest common divisor of 371 and 9?
1
Calculate the highest common factor of 663 and 39.
39
Calculate the greatest common divisor of 28 and 28.
28
Calculate the greatest common divisor of 41768 and 184.
184
Calculate the greatest common factor of 176 and 11.
11
Calculate the greatest common divisor of 220 and 800.
20
Calculate the greatest common divisor of 1197 and 252.
63
Calculate the highest common divisor of 11525 and 25.
25
Calculate the highest common factor of 1614 and 6.
6
Calculate the highest common factor of 75 and 50.
25
What is the greatest common factor of 112 and 2800?
112
Calculate the highest common divisor of 56 and 14.
14
Calculate the greatest common divisor of 6 and 384.
6
What is the greatest common divisor of 198 and 72?
18
Calculate the highest common factor of 43 and 129.
43
What is the highest common factor of 506 and 396?
22
Calculate the highest common factor of 189 and 224.
7
Calculate the greatest common divisor of 4 and 512.
4
Calculate the greatest common factor of 30 and 54.
6
Calculate the highest common divisor of 8162 and 44.
22
What is the greatest common divisor of 333 and 185?
37
What is the greatest common factor of 99 and 6?
3
Calculate the highest common divisor of 24 and 12.
12
Calculate the highest common factor of 4212 and 312.
156
What is the highest common factor of 16 and 8656?
16
Calculate the highest common divisor of 966 and 518.
14
Calculate the highest common divisor of 1890 and 90.
90
Calculate the greatest common divisor of 175 and 425.
25
Calculate the greatest common factor of 5727 and 207.
69
What is the highest common factor of 187 and 4037?
11
Calculate the highest common factor of 1572 and 12.
12
Calculate the highest common factor of 243 and 16281.
243
What is the highest common divisor of 630 and 56?
14
Calculate the highest common factor of 3 and 18.
3
Calculate the greatest common divisor of 40 and 580.
20
Calculate the greatest common factor of 9 and 1884.
3
What is the greatest common factor of 243 and 324?
81
Calculate the highest common divisor of 14 and 112.
14
What is the highest common divisor of 872 and 6?
2
What is the highest common divisor of 2079 and 91?
7
Calculate the highest common factor of 244 and 61.
61
Calculate the greatest common divisor of 36 and 480.
12
Calculate the greatest common factor of 1400 and 770.
70
Calculate the greatest common factor of 18 and 8.
2
Calculate the greatest common factor of 39 and 12779.
13
What is the highest common divisor of 24 and 1212?
12
What is the highest common divisor of 21 and 21?
21
Calculate the highest common factor of 3424 and 32.
32
What is the greatest common factor of 2352 and 19824?
336
What is the greatest common factor of 11850 and 150?
150
What is the greatest common factor of 228 and 627?
57
Calculate the highest common divisor of 175 and 100.
25
Calculate the greatest common divisor of 5311 and 1017.
113
What is the highest common factor of 80 and 30?
10
What is the greatest common divisor of 19098 and 18?
18
What is the greatest common divisor of 95 and 2665?
5
What is the greatest common factor of 1638 and 1008?
126
What is the greatest common factor of 162 and 189?
27
What is the highest common divisor of 4 and 3278?
2
What is the highest common divisor of 53 and 33443?
53
Calculate the greatest common divisor of 549 and 18.
9
Calculate the highest common divisor of 2555 and 350.
35
What is the greatest common factor of 6 and 42?
6
Calculate the greatest common factor of 1670 and 30.
10
Calculate the highest common divisor of 13 and 611.
13
What is the greatest common divisor of 1760 and 2?
2
Calculate the greatest common divisor of 12937 and 17.
17
What is the greatest common factor of 5301 and 341?
31
What is the highest common divisor of 26 and 60086?
26
Calculate the highest common factor of 12 and 54.
6
Calculate the greatest common divisor of 136 and 8.
8
Calculate the greatest common factor of 78 and 8502.
78
What is the highest common factor of 34 and 2?
2
Calculate the highest common factor of 304 and 48.
16
What is the greatest common divisor of 39 and 871?
13
What is the highest common divisor of 13 and 195?
13
Calculate the greatest common divisor of 47 and 517.
47
What is the highest common divisor of 2868 and 12?
12
Calculate the highest common factor of 448 and 9296.
112
Calculate the highest common divisor of 41 and 26281.
41
Calculate the greatest common divisor of 3 and 66.
3
Calculate the highest common factor of 10508 and 284.
284
Calculate the highest common factor of 405 and 30.
15
Calculate the highest common divisor of 238 and 154.
14
Calculate the greatest common divisor of 30 and 48.
6
What is the greatest common factor of 6466 and 530?
106
Calculate the highest common factor of 23 and 92.
23
Calculate the highest common divisor of 418 and 114.
38
Calculate the greatest common divisor of 57 and 3439.
19
What is the highest common factor of 342 and 912?
114
Calculate the greatest common divisor of 247 and 551.
19
What is the greatest common factor of 20168 and 8?
8
What is the greatest common factor of 51 and 112353?
51
Calculate the greatest common factor of 777 and 84.
21
What is the greatest common factor of 390 and 1430?
130
Calculate the greatest common divisor of 77 and 84